1 a multiple of 72?
False
Does 31 divide 2401?
False
Is 19 a factor of 10355?
True
Is 42 a factor of 50400?
True
Does 17 divide 646?
True
Does 28 divide 4984?
True
Does 8 divide 990?
False
Is 74678 a multiple of 97?
False
Does 18 divide 432?
True
Does 16 divide 6438?
False
Does 55 divide 26290?
True
Does 2 divide 68?
True
Is 13 a factor of 190952?
False
Is 5 a factor of 759?
False
Is 7 a factor of 196?
True
Is 61 a factor of 6771?
True
Is 1474 a multiple of 22?
True
Is 10302 a multiple of 17?
True
Is 8 a factor of 17?
False
Is 16 a factor of 15254?
False
Is 14 a factor of 545?
False
Is 9 a factor of 551?
False
Is 6 a factor of 15494?
False
Is 79 a factor of 1559?
False
Is 6 a factor of 1880?
False
Does 5 divide 163?
False
Does 13 divide 8086?
True
Does 444 divide 6660?
True
Is 640 a multiple of 4?
True
Does 72 divide 3377?
False
Is 3851 a multiple of 7?
False
Is 107 a factor of 1908?
False
Does 12 divide 4727?
False
Is 1055 a multiple of 12?
False
Is 41 a factor of 109937?
False
Is 3955 a multiple of 35?
True
Is 40 a factor of 1386?
False
Is 11 a factor of 2370?
False
Is 13 a factor of 314?
False
Does 22 divide 71817?
False
Does 39 divide 723?
False
Is 10914 a multiple of 102?
True
Does 166 divide 3480?
False
Does 20 divide 6331?
False
Is 115875 a multiple of 45?
True
Is 31 a factor of 15751?
False
Is 59 a factor of 1511?
False
Does 5 divide 540?
True
Does 17 divide 458?
False
Is 17100 a multiple of 10?
True
Is 56 a factor of 22687?
False
Is 172 a factor of 283?
False
Is 4368 a multiple of 42?
True
Is 20 a factor of 40891?
False
Is 384 a multiple of 5?
False
Does 431 divide 39221?
True
Is 494 a multiple of 13?
True
Is 18106 a multiple of 192?
False
Does 4 divide 312?
True
Is 2 a factor of 7322?
True
Is 5107 a multiple of 11?
False
Is 7 a factor of 970?
False
Is 770 a multiple of 11?
True
Does 11 divide 1094?
False
Is 1612 a multiple of 62?
True
Does 16 divide 7364?
False
Is 20 a factor of 4632?
False
Does 7 divide 12032?
False
Does 103 divide 4635?
True
Is 123 a factor of 1367?
False
Is 22 a factor of 19440?
False
Is 77 even?
False
Is 1583 a multiple of 3?
False
Is 550 a multiple of 42?
False
Does 21 divide 63606?
False
Is 69 a factor of 8471?
False
Is 16 a factor of 752?
True
Is 35 a factor of 1400?
True
Is 55 a factor of 1037?
False
Is 2735 a multiple of 16?
False
Does 3 divide 6863?
False
Is 45240 a multiple of 116?
True
Does 77 divide 308?
True
Is 64 a factor of 2176?
True
Is 364 a multiple of 14?
True
Does 10 divide 919?
False
Does 116 divide 1505?
False
Is 5236 a multiple of 28?
True
Is 19250 a multiple of 110?
True
Is 1340 a multiple of 14?
False
Is 31 a factor of 58941?
False
Is 181 a factor of 4803?
False
Does 10 divide 1612?
False
Does 4 divide 6989?
False
Is 37 a factor of 400?
False
Does 6 divide 438?
True
Is 60 a factor of 333?
False
Does 14 divide 1168?
False
Does 80 divide 221?
False
Does 16 divide 976?
True
Is 38 even?
True
Does 12 divide 936?
True
Is 2016 a multiple of 12?
True
Does 24 divide 5116?
False
Is 621 a multiple of 9?
True
Is 61 a factor of 1192?
False
Is 1304 a multiple of 14?
False
Does 6 divide 576?
True
Is 1110 a multiple of 23?
False
Is 213 a multiple of 13?
False
Is 18 a factor of 1033?
False
Is 27 a factor of 955?
False
Is 25 a factor of 3247?
False
Is 37 a factor of 1999?
False
Is 2105 a multiple of 111?
False
Does 15 divide 4294?
False
Does 15 divide 600?
True
Does 73 divide 854?
False
Does 91 divide 70616?
True
Does 19 divide 515?
False
Does 50 divide 800?
True
Does 8 divide 12871?
False
Is 827 a multiple of 6?
False
Does 89 divide 3086?
False
Is 16 a factor of 11040?
True
Does 53 divide 4410?
False
Is 12960 a multiple of 120?
True
Does 361 divide 62063?
False
Does 42 divide 70093?
False
Is 26 a factor of 30446?
True
Is 12 a factor of 3288?
True
Does 11 divide 649?
True
Does 61 divide 854?
True
Does 3 divide 1078?
False
Is 4956 a multiple of 28?
True
Is 21 a factor of 1026?
False
Does 57 divide 1197?
True
Does 10 divide 3300?
True
Is 27692 a multiple of 161?
True
Is 3300 a multiple of 104?
False
Is 415 a multiple of 28?
False
Is 14161 a multiple of 17?
True
Does 36 divide 958?
False
Does 14 divide 1281?
False
Does 48 divide 9103?
False
Is 68 a factor of 476?
True
Is 2100 a multiple of 28?
True
Does 15 divide 420?
True
Does 72 divide 3480?
False
Does 4 divide 180?
True
Is 19 a factor of 6441?
True
Is 1257 a multiple of 34?
False
Is 3595 a multiple of 5?
True
Is 23529 a multiple of 31?
True
Is 1019 a multiple of 20?
False
Is 16340 a multiple of 5?
True
Is 7689 a multiple of 11?
True
Is 17893 a multiple of 397?
False
Is 2575 a multiple of 25?
True
Does 6 divide 1366?
False
Is 18312 a multiple of 7?
True
Does 43 divide 1771?
False
Is 8246 a multiple of 38?
True
Does 6 divide 2728?
False
Does 2 divide 85?
False
Is 28 a factor of 584?
False
Does 80 divide 47520?
True
Does 5 divide 29648?
False
Is 10 a factor of 1020?
True
Is 8230 a multiple of 73?
False
Is 15044 a multiple of 27?
False
Is 1152 a multiple of 72?
True
Is 7 a factor of 77?
True
Does 172 divide 25112?
True
Does 8 divide 26?
False
Is 38 a factor of 8475?
False
Is 9 a factor of 28290?
False
Does 32 divide 1056?
True
Is 159 a factor of 13356?
True
Is 70 a factor of 20929?
False
Is 7123 a multiple of 89?
False
Is 25 a factor of 856?
False
Is 2 a factor of 97?
False
Is 1829 a multiple of 59?
True
Does 3 divide 2670?
True
Is 35700 a multiple of 21?
True
Is 11 a factor of 374?
True
Does 7 divide 7487?
False
Is 13 a factor of 1872?
True
Is 29 a factor of 30066?
False
Is 17695 a multiple of 14?
False
Is 34 a factor of 3774?
True
Is 3 a factor of 13080?
True
Is 728 a multiple of 91?
True
Is 3608 a multiple of 44?
True
Is 7918 a multiple of 10?
False
Is 205 even?
False
Is 371 a multiple of 14?
False
Is 2937 a multiple of 42?
False
Is 14 a factor of 42?
True
Is 15 a factor of 317?
False
Is 40 a factor of 5454?
False
Is 4370 a multiple of 46?
True
Is 69 a factor of 5528?
False
Is 106 a multiple of 106?
True
Is 1947 a multiple of 11?
True
Does 20 divide 102?
False
Is 64 a factor of 2176?
True
Is 10 a factor of 1930?
True
Is 152 a multiple of 76?
True
Does 26 divide 78?
True
Is 58 a factor of 1334?
True
Is 13 a factor of 29666?
True
Is 25 a factor of 33611?
False
Is 7 a factor of 2069?
False
Does 10 divide 302?
False
Does 91 divide 36833?
False
Does 4 divide 125?
False
Is 10 a factor of 10?
True
Does 63 divide 18684?
False
Is 12 a factor of 396?
True
Is 46 a factor of 53145?
False
Does 19 divide 20634?
True
Is 404 a factor of 137764?
True
Is 1528 a multiple of 38?
False
Is 384 a multiple of 24?
True
Does 6 divide 27?
False
Is 44928 a multiple of 32?
True
Is 4 a factor of 306?
False
Is 41238 a multiple of 261?
True
Is 14 a factor of 52?
False
Is 44 a factor of 9419?
False
Is 1196 a multiple of 92?
True
Is 22 a factor of 12587?
False
Is 22882 a multiple of 200?
False
Is 51 a factor of 612?
True
Does 159 divide 12146?
False
Does 78 divide 2340?
True
Is 13 a factor of 2387?
False
Is 1902 a multiple of 173?
False
Does 4 divide 1007?
False
Does 6 divide 3031?
False
Is 36732 a multiple of 12?
True
Does 33 divide 23628?
True
Is 115 a factor of 15787?
False
Does 59 divide 5342?
False
Is 8 a factor of 680?
True
Does 2 divide 55?
False
Is 1024 a multiple of 16?
True
Does 12 divide 433?
False
Is 1008 a multiple of 12?
True
Is 65 a factor of 14720?
False
Is 6520 a multiple of 3?
False
Is 210 a multiple of 3?
True
Is 1092 a multiple of 4?
True
Is 1312 a multiple of 32?
True
Is 352 a factor of 21618?
False
Is 4 a factor of 832?
True
Is 1790 a multiple of 119?
False
Does 38 divide 2340?
False
Is 36 a factor of 5004?
True
Is 6 a factor of 13485?
False
Is 16 a factor of 21703?
False
Is 29 even?
False
Does 44 divide 4060?
False
Does 7 divide 6515?
False
Is 42 a factor of 500?
False
Is 68 a factor of 14442?
False
Is 2238 a multiple of 15?
False
Is 39 a factor of 53?
False
Does 22 divide 5848?
False
Does 4 divide 1374?
False
Is 9 a factor of 1053?
True
Is 8792 a multiple of 28?
True
Does 164 divide 20336?
True
Does 131 divide 2358?
True
Does 10 divide 240?
True
Is 85 a factor of 2890?
True
Does 7 divide 25984?
True
Is 130 a multiple of 65?
True
Is 6606 a multiple of 6?
True
Is 700 a multiple of 20?
True
Does 142 divide 6207?
False
Is 9 a factor of 263?
False
Does 3 divide 840?
Tru